{"id":343,"date":"2013-02-21T09:05:47","date_gmt":"2013-02-21T08:05:47","guid":{"rendered":"http:\/\/www.lion-of-judah.eu\/lfi\/?page_id=343"},"modified":"2013-02-21T09:05:47","modified_gmt":"2013-02-21T08:05:47","slug":"fur-alle-denominationen","status":"publish","type":"page","link":"https:\/\/lion4israel.lion-of-judah.net\/?page_id=343","title":{"rendered":"F\u00fcr alle Denominationen"},"content":{"rendered":"<p><a href=\"http:\/\/wp.me\/p3bFtw-W\" target=\"_blank\" rel=\"noopener\">F\u00fcr alle Denominationen, Gemeinden und jeden einzelnen Christen im Leib Jesus Christus Teil 1<\/a><\/p>\n<p><a href=\"http:\/\/wp.me\/p3bFtw-1r\" target=\"_blank\" rel=\"noopener\">F\u00fcr alle Denominationen, Gemeinden und jeden einzelnen Christen im Leib Jesus Christus Teil 2<\/a><\/p>\n<p><a href=\"http:\/\/wp.me\/p3bFtw-1T\" target=\"_blank\" rel=\"noopener\">F\u00fcr alle Denominationen, Gemeinden und jeden einzelnen Christen im Leib Jesus Christus Teil 3<\/a><\/p>\n<p><a href=\"http:\/\/wp.me\/p3bFtw-36\" target=\"_blank\" rel=\"noopener\">F\u00fcr alle Denominationen, Gemeinden und jeden einzelnen Christen im Leib Jesus Christus Teil 4<\/a><\/p>\n<p><a href=\"http:\/\/wp.me\/p3bFtw-3c\" target=\"_blank\" rel=\"noopener\">F\u00fcr alle Denominationen, Gemeinden und jeden einzelnen Christen im Leib Jesus Christus Teil 5<\/a><\/p>\n<p><a href=\"http:\/\/wp.me\/p3bFtw-3e\" target=\"_blank\" rel=\"noopener\">F\u00fcr alle Denominationen, Gemeinden und jeden einzelnen Christen im Leib Jesus Christus Teil 6<\/a><\/p>\n","protected":false},"excerpt":{"rendered":"<p>F\u00fcr alle Denominationen, Gemeinden und jeden einzelnen Christen im Leib Jesus Christus Teil 1 F\u00fcr alle Denominationen, Gemeinden und jeden einzelnen Christen im Leib Jesus Christus Teil 2 F\u00fcr alle Denominationen, Gemeinden und jeden einzelnen Christen im Leib Jesus Christus Teil 3 F\u00fcr alle Denominationen, Gemeinden und jeden einzelnen Christen im Leib Jesus Christus Teil [&hellip;]<\/p>\n","protected":false},"author":7,"featured_media":0,"parent":0,"menu_order":0,"comment_status":"open","ping_status":"open","template":"","meta":{"footnotes":""},"class_list":["post-343","page","type-page","status-publish","hentry"],"_links":{"self":[{"href":"https:\/\/lion4israel.lion-of-judah.net\/index.php?rest_route=\/wp\/v2\/pages\/343","targetHints":{"allow":["GET"]}}],"collection":[{"href":"https:\/\/lion4israel.lion-of-judah.net\/index.php?rest_route=\/wp\/v2\/pages"}],"about":[{"href":"https:\/\/lion4israel.lion-of-judah.net\/index.php?rest_route=\/wp\/v2\/types\/page"}],"author":[{"embeddable":true,"href":"https:\/\/lion4israel.lion-of-judah.net\/index.php?rest_route=\/wp\/v2\/users\/7"}],"replies":[{"embeddable":true,"href":"https:\/\/lion4israel.lion-of-judah.net\/index.php?rest_route=%2Fwp%2Fv2%2Fcomments&post=343"}],"version-history":[{"count":0,"href":"https:\/\/lion4israel.lion-of-judah.net\/index.php?rest_route=\/wp\/v2\/pages\/343\/revisions"}],"wp:attachment":[{"href":"https:\/\/lion4israel.lion-of-judah.net\/index.php?rest_route=%2Fwp%2Fv2%2Fmedia&parent=343"}],"curies":[{"name":"wp","href":"https:\/\/api.w.org\/{rel}","templated":true}]}}